t is the remainder when 21 is divided by f?
5
Suppose 8 = s - j, -53 = -5*s + 4*j - 4. Suppose -5*i - 255 = -10*i. What is the remainder when i is divided by s?
0
What is the remainder when 55 is divided by (18/(-8) - -3)*(56 + -44)?
1
Suppose -8*m = 8*m. Suppose m = 2*o - 5*o + 48. What is the remainder when 76 is divided by o?
12
Suppose -74*h + 64*h = -330. Calculate the remainder when h is divided by (-126)/(-30) + 2 + 2/(-10).
3
Calculate the remainder when 1013 is divided by (-6 - (-2 + -9 - -10))*164/(-10).
29
Let n be (-246)/(-1)*(-276)/(-552). Suppose 0*o - 94 = 2*o. Let y = o + n. What is the remainder when y is divided by 26?
24
Suppose -3*m - 26 = -4*m. Suppose 1121*o + 2170 = 1276*o. Calculate the remainder when m is divided by o.
12
Suppose 3990 = 2*l + 4*o, 5*l = 13*o - 6*o + 10060. Calculate the remainder when l is divided by 28.
17
Suppose -17297*r = -17270*r - 1809. Calculate the remainder when 360 is divided by r.
25
Let h be (-2)/(-6)*(-51 + -6). Let s = -16 - h. Suppose -2*k - 2*k + 12 = x, -x + 12 = s*k. What is the remainder when 35 is divided by x?
11
Let t(l) = -5 - l - 5 + 8. Let n be t(4). What is the remainder when 9 is divided by -2*n*3/12?
0
Let x be (-2)/13 + (-497156)/(-572). Suppose -x = -5*i + 9*o - 6*o, 5*o - 185 = -i. Calculate the remainder when i is divided by 44.
43
Let l(x) = -x**3 - 62*x**2 + 3*x + 251. What is the remainder when l(-62) is divided by 24?
17
Let t(r) = -9*r**2 - r + 6. Let y be t(3). Calculate the remainder when 29 is divided by -1 + 38/4 - 39/y.
2
Suppose 3*s - 991 + 1719 = 4*y, s + 360 = 2*y. What is the remainder when 1126 is divided by y?
70
Let m = -4313 + 4429. Calculate the remainder when 968 is divided by m.
40
Let l be 2*2 - 32/16. Let s(z) = 6*z**2 - 4*z + 3. Calculate the remainder when (4 - (-57)/(-12))/(l/(-192)) is divided by s(2).
15
Let l = 16 - 5. What is the remainder when 167 is divided by l?
2
Let c = 88 - 32. Let h(r) = -46*r - 3060. What is the remainder when c is divided by h(-67)?
12
Let c = 830 + -860. Suppose -k = -5*v - 76, -5*k + 2*k + 188 = -5*v. Let s = c + k. Calculate the remainder when s is divided by 9.
8
Let d = -47 - -52. Suppose 0 = 8*j - 7*j - 17. Let n = -15 + j. Calculate the remainder when d is divided by n.
1
Suppose -14 = 5*s - 44. Suppose -2*p = -28 + s. Suppose -5*g = 15 + 5, 5*f = 5*g + 110. What is the remainder when f is divided by p?
7
Let f(s) = 17*s - 34. Let d be f(2). Suppose d = -r + a + 10, 3*r - 2*a - 18 = -3*a. What is the remainder when 146 is divided by r?
6
Let c(w) be the first derivative of -105*w**2/2 - 135*w - 401. Calculate the remainder when c(-2) is divided by (-2)/8 + (-157)/(-4).
36
Calculate the remainder when (-3 - 0)/((12465/1557 - 8)/(-1)) is divided by 10.
9
Let v be (1/(-2))/(-2*3/24). Suppose -100 = v*y - 110. Suppose k + 2*k = y*m + 441, -m = 3. Calculate the remainder when k is divided by 29.
26
Suppose -45 = -c - 9. Calculate the remainder when c is divided by (-14)/(-2) - (-1*(26 + -10) + 13).
6
Let u(a) = -a**2 + 8*a + 11. Suppose 30 = s + 4*s. Let r(i) = i**3 - 6*i**2 + 2*i + 7. What is the remainder when r(s) is divided by u(8)?
8
Let k(l) = 18*l - 692. Let s = 444 + -167. Calculate the remainder when s is divided by k(40).
25
Let u(r) = 3*r**2 - 99. Let t be u(18). Let o = t - 862. Let i = -5 - -10. Calculate the remainder when o is divided by i.
1
Suppose 3*p - 3149 - 2560 = -4*x, 0 = -5*p + 5*x + 9550. What is the remainder when p is divided by 48?
35
Calculate the remainder when 2336 is divided by 234/(-4)*(-20 + 0)*(-32)/(-240).
152
Suppose 116 = -112*b + 83*b + 58*b. Let z(i) = i**3 - 6*i**2 - 7*i + 2. Let j be z(7). Calculate the remainder when 208/12 + j/(-6) is divided by b.
1
Suppose -5*u - 110 = b, 4*u = -4*b - 0*b - 72. Let h = -26 - u. What is the remainder when (-2)/(-6) + (-32)/h is divided by 4?
3
Let r = -243 + 234. Calculate the remainder when r*(1325/(-15))/5 is divided by 27.
24
Let x(h) = -6*h + 46. Let i be x(6). Calculate the remainder when ((-5)/i)/(3/(-150)) is divided by 8/4 - 7/(-1).
7
Let z be 178/11 - 38/209. Suppose 14*r - 40 = z. Calculate the remainder when (3/(-4))/(2/(-24)) is divided by r.
1
Suppose 7977 = -9*f - 2*f + 9484. What is the remainder when 152 is divided by f?
15
Let d = -40 + 49. Suppose 0*c + 324 = 4*q - 3*c, -4*q = 2*c - 344. Let j = q - 44. What is the remainder when j is divided by d?
4
Suppose 606 = 4*c - 2*t, -3*c + 4*t = -579 + 122. Let l be (-114)/9*(-15)/5. Let z = l + -24. Calculate the remainder when c is divided by z.
11
Suppose -55*n - 2*o = -60*n + 647, 2*o - 1056 = -8*n. Suppose 5*l + 5*s - 245 = 0, s - 5*s - 24 = -l. What is the remainder when n is divided by l?
43
Suppose 0 = -2*u - 8, 4*o - 860 = 12*u - 15*u. Calculate the remainder when o is divided by 25.
18
Suppose -3*d - 2*d + j + 11 = 0, -d + 4*j - 13 = 0. Let z = -4962 - -4981. What is the remainder when (71 + 0 - -1) + d is divided by z?
18
Suppose 82*c = 78*c + 24. Let n be (-240)/(-9) + -2 + (-4)/c. Suppose -g = t - 19, -g + n = 5*t - 11. Calculate the remainder when 87 is divided by g.
12
Suppose 2189*j = 2194*j - 50. Calculate the remainder when 393 is divided by j.
3
Let i(d) = -3*d + 240. Calculate the remainder when i(50) is divided by 16.
10
Suppose j - 47 = -2*h, -j + 15 = 20. What is the remainder when 532 is divided by h?
12
Let d(k) = 3*k**3 - 21*k**2 - 9*k - 6. Calculate the remainder when d(8) is divided by 39.
36
Suppose -9*r = -7*r. Suppose r = -29*k + 19*k + 210. Suppose -2*g - 5*t = -36, 2 = 2*t - 6. What is the remainder when k is divided by g?
5
Let x(t) = 13*t + 205. Calculate the remainder when 148 is divided by x(-15).
8
Let q = 25757 + -18129. What is the remainder when q is divided by 14?
12
Let s = -60 - -97. Suppose -b + 6 = -s. Suppose -b = -4*c + 9. Calculate the remainder when 154 is divided by c.
11
Suppose 5*b + 3*w = 8*w + 35, 5*b - w = 23. Suppose -8*l - 2*n - 210 = -13*l, -b*n = 4*l - 168. Let o = -9 + 18. What is the remainder when l is divided by o?
6
Suppose -16*y = -241 - 719. Let w = -472 + 495. Calculate the remainder when y is divided by w.
14
Let u(i) = -2*i**2 - 63*i - 309. Calculate the remainder when u(-24) is divided by 9.
6
Suppose -4*b - 4*g + 300 = 0, 3*b - 87 = 2*g + 148. Calculate the remainder when 4076 is divided by b.
72
Suppose 0 = 11*i - 36396 + 24076. Calculate the remainder when i is divided by 39.
28
Let s(d) = 9*d - 3. Let j(l) = 35*l + 214. Let h be j(-6). Suppose 4*k - 3*k + 74 = h*x, 4*k - 8 = 0. Calculate the remainder when s(4) is divided by x.
14
Suppose -2*j - 2336 = -5*p, -2*p = -4*j - 339 - 605. Calculate the remainder when 2346 is divided by p.
16
Suppose -b - 2*z - 16 = -3*b, z = -5. Suppose b*y + 2*y = 0, 4*y + 9 = 3*i. Suppose 0 = -14*v + i*v + 330. Calculate the remainder when v is divided by 14.
2
Let b = 10646 + -10634. What is the remainder when 54 is divided by b?
6
Suppose 4*b - 67010 = 4*k + 2, 0 = 4*b + 5*k - 67030. Calculate the remainder when b is divided by 63.
60
Let r = -70 + 45. Let g = r - -52. What is the remainder when g is divided by -2*((-36)/(-88))/(-9) - 5886/(-594)?
7
Suppose 4*u = 28, -5*z - 364*u + 378 = -365*u. Calculate the remainder when 628 is divided by z.
12
Let i = 20 + -4. Let x(d) = d**3 - 11*d**2 + 136*d - 2430. What is the remainder when x(14) is divided by i?
14
Let r(v) = -5*v**2 - 1. Suppose 4*w = -5*i - w + 10, 5*w - 18 = 3*i. Let u be r(i). Calculate the remainder when 32 is divided by 144/(-12)*u/8.
5
Suppose 0 = -4*o + 3*y + 24, -o + 2 + 4 = 3*y. Suppose 1820 = 10*r + 4*r. What is the remainder when r is divided by o?
4
Suppose 4584 + 3477 - 1618 = 17*j. Suppose c + 4*w = 0, -c - w = -5*w - 40. Calculate the remainder when j is divided by c.
19
Let c(q) = q**3 - 4*q**2 + 2*q + 11. Let w(f) = -f**3 + 4*f**2 - 3*f - 9. Let g(l) = -5*c(l) - 4*w(l). Calculate the remainder when g(-4) is divided by 17.
16
Suppose 5*o - 47 = -6*u - 0*o, 4*u = 3*o - 13. What is the remainder when 2710 is divided by u?
0
What is the remainder when 314 is divided by (-12*11/(-330))/((-8)/(-260))?
2
Suppose 3*a - 5*u - 118846 = 0, 264*a = 269*a + 2*u - 198149. What is the remainder when a is divided by 23?
21
Suppose 32*y = 31*y + 3. Suppose 0 = q - 3*u - 32 + 7, -2*q = -y*u - 44. What is the